{"id":2008,"date":"2023-02-06T11:37:03","date_gmt":"2023-02-06T11:37:03","guid":{"rendered":"https:\/\/www.ebk.pl\/sklep\/?post_type=product&#038;p=2008"},"modified":"2023-02-06T11:56:57","modified_gmt":"2023-02-06T11:56:57","slug":"zestaw-parker-im-black-gt-pioro-dlugopis","status":"publish","type":"product","link":"https:\/\/www.ebk.pl\/sklep\/?product=zestaw-parker-im-black-gt-pioro-dlugopis","title":{"rendered":"Zestaw Parker IM Black GT Pi\u00f3ro + D\u0142ugopis"},"content":{"rendered":"<p>Zestaw sk\u0142ada si\u0119 z eleganckiego pi\u00f3ra wiecznego IM<br \/>\nBlack GT oraz stylowego d\u0142ugopisu z tej samej serii.<br \/>\nCa\u0142o\u015b\u0107 zwie\u0144czona wygodnym opakowaniem w kolorze<br \/>\nczarnej satyny o geometrycznych wzorach. Przybory<br \/>\npi\u015bmiennicze w kolorze czerni \u0142\u0105czona z chromowymi<br \/>\nwyko\u0144czeniami s\u0105 synonimem miejskiego szyku.<\/p>\n","protected":false},"excerpt":{"rendered":"<p>Wymiary pude\u0142ka: 24 x 15 x 3,9 cm<\/p>\n","protected":false},"featured_media":2025,"comment_status":"open","ping_status":"closed","template":"","meta":{"content-type":"","_kad_post_transparent":"default","_kad_post_title":"","_kad_post_layout":"default","_kad_post_sidebar_id":"","_kad_post_content_style":"default","_kad_post_vertical_padding":"default","_kad_post_feature":"","_kad_post_feature_position":"","_kad_post_header":false,"_kad_post_footer":false},"product_cat":[15],"product_tag":[],"_links":{"self":[{"href":"https:\/\/www.ebk.pl\/sklep\/index.php?rest_route=\/wp\/v2\/product\/2008"}],"collection":[{"href":"https:\/\/www.ebk.pl\/sklep\/index.php?rest_route=\/wp\/v2\/product"}],"about":[{"href":"https:\/\/www.ebk.pl\/sklep\/index.php?rest_route=\/wp\/v2\/types\/product"}],"replies":[{"embeddable":true,"href":"https:\/\/www.ebk.pl\/sklep\/index.php?rest_route=%2Fwp%2Fv2%2Fcomments&post=2008"}],"version-history":[{"count":1,"href":"https:\/\/www.ebk.pl\/sklep\/index.php?rest_route=\/wp\/v2\/product\/2008\/revisions"}],"predecessor-version":[{"id":2010,"href":"https:\/\/www.ebk.pl\/sklep\/index.php?rest_route=\/wp\/v2\/product\/2008\/revisions\/2010"}],"wp:featuredmedia":[{"embeddable":true,"href":"https:\/\/www.ebk.pl\/sklep\/index.php?rest_route=\/wp\/v2\/media\/2025"}],"wp:attachment":[{"href":"https:\/\/www.ebk.pl\/sklep\/index.php?rest_route=%2Fwp%2Fv2%2Fmedia&parent=2008"}],"wp:term":[{"taxonomy":"product_cat","embeddable":true,"href":"https:\/\/www.ebk.pl\/sklep\/index.php?rest_route=%2Fwp%2Fv2%2Fproduct_cat&post=2008"},{"taxonomy":"product_tag","embeddable":true,"href":"https:\/\/www.ebk.pl\/sklep\/index.php?rest_route=%2Fwp%2Fv2%2Fproduct_tag&post=2008"}],"curies":[{"name":"wp","href":"https:\/\/api.w.org\/{rel}","templated":true}]}}